t of 1282149?
1
What is the hundred thousands digit of 38766794?
7
What is the units digit of 247227?
7
What is the hundred thousands digit of 6145817?
1
What is the millions digit of 7842552?
7
What is the hundred thousands digit of 14685328?
6
What is the thousands digit of 6186580?
6
What is the hundreds digit of 509566?
5
What is the units digit of 1785968?
8
What is the units digit of 1015694?
4
What is the tens digit of 282905?
0
What is the ten thousands digit of 19201?
1
What is the units digit of 61819?
9
What is the ten thousands digit of 2316972?
1
What is the ten thousands digit of 7463172?
6
What is the ten thousands digit of 156857?
5
What is the thousands digit of 666298?
6
What is the hundreds digit of 377636?
6
What is the tens digit of 277558?
5
What is the units digit of 1799326?
6
What is the units digit of 27341335?
5
What is the ten thousands digit of 5052335?
5
What is the hundred thousands digit of 4670018?
6
What is the ten millions digit of 30794745?
3
What is the ten thousands digit of 238731?
3
What is the hundreds digit of 195310?
3
What is the hundreds digit of 435000?
0
What is the millions digit of 13060143?
3
What is the units digit of 340791?
1
What is the hundreds digit of 1010829?
8
What is the thousands digit of 276228?
6
What is the hundreds digit of 230185?
1
What is the millions digit of 2739929?
2
What is the thousands digit of 19969324?
9
What is the hundreds digit of 190617?
6
What is the hundreds digit of 785105?
1
What is the thousands digit of 299795?
9
What is the units digit of 2263896?
6
What is the hundred thousands digit of 3988020?
9
What is the thousands digit of 16670291?
0
What is the tens digit of 2889357?
5
What is the units digit of 1297573?
3
What is the tens digit of 2583196?
9
What is the millions digit of 8796255?
8
What is the units digit of 538374?
4
What is the hundred thousands digit of 9005773?
0
What is the units digit of 1578821?
1
What is the tens digit of 438943?
4
What is the hundreds digit of 3815834?
8
What is the ten thousands digit of 2532035?
3
What is the hundreds digit of 3788895?
8
What is the tens digit of 127352?
5
What is the hundreds digit of 154672?
6
What is the hundred thousands digit of 2916304?
9
What is the units digit of 4299407?
7
What is the thousands digit of 156732?
6
What is the hundreds digit of 496793?
7
What is the units digit of 787788?
8
What is the ten millions digit of 12889618?
1
What is the ten thousands digit of 38713?
3
What is the hundreds digit of 104978?
9
What is the units digit of 285629?
9
What is the hundred thousands digit of 384254?
3
What is the units digit of 32765439?
9
What is the ten millions digit of 10867661?
1
What is the millions digit of 34829095?
4
What is the hundreds digit of 2267933?
9
What is the hundreds digit of 1587176?
1
What is the units digit of 1238425?
5
What is the ten thousands digit of 1063931?
6
What is the hundreds digit of 147106?
1
What is the tens digit of 32602?
0
What is the hundreds digit of 10636973?
9
What is the ten thousands digit of 334433?
3
What is the hundreds digit of 61979?
9
What is the units digit of 357109?
9
What is the tens digit of 597885?
8
What is the units digit of 8993425?
5
What is the units digit of 887069?
9
What is the hundreds digit of 11329813?
8
What is the tens digit of 67440?
4
What is the thousands digit of 780308?
0
What is the thousands digit of 781622?
1
What is the hundreds digit of 170832?
8
What is the thousands digit of 280478?
0
What is the thousands digit of 289356?
9
What is the hundreds digit of 952189?
1
What is the hundreds digit of 800214?
2
What is the hundreds digit of 37405?
4
What is the ten millions digit of 36772938?
3
What is the units digit of 9700621?
1
What is the hundreds digit of 479170?
1
What is the hundreds digit of 85932?
9
What is the hundreds digit of 131245?
2
What is the tens digit of 4737539?
3
What is the ten thousands digit of 2397467?
9
What is the hundred thousands digit of 130696?
1
What is the hundreds digit of 18389758?
7
What is the units digit of 98182?
2
What is the hundred thousands digit of 7018330?
0
What is the units digit of 12876865?
5
What is the hundreds digit of 11632748?
7
What is the ten thousands digit of 1200530?
0
What is the ten thousands digit of 97980?
9
What is the millions digit of 10139869?
0
What is the tens digit of 1006542?
4
What is the hundreds digit of 37334297?
2
What is the millions digit of 1615147?
1
What is the hundred thousands digit of 348008?
3
What is the units digit of 220264?
4
What is the units digit of 386823?
3
What is the ten thousands digit of 602294?
0
What is the tens digit of 425919?
1
What is the tens digit of 4864444?
4
What is the hundred thousands digit of 489375?
4
What is the thousands digit of 1017757?
7
What is the hundreds digit of 5879951?
9
What is the tens digit of 12702331?
3
What is the tens digit of 185311?
1
What is the ten thousands digit of 267407?
6
What is the hundreds digit of 6186506?
5
What is the ten thousands digit of 8777824?
7
What is the ten thousands digit of 549784?
4
What is the hundred thousands digit of 9653086?
6
What is the ten thousands digit of 14828876?
2
What is the millions digit of 7293089?
7
What is the millions digit of 2484898?
2
What is the thousands digit of 346371?
6
What is the tens digit of 58479?
7
What is the hundred thousands digit of 128160?
1
What is the hundreds digit of 368149?
1
What is the hundreds digit of 208072?
0
What is the tens digit of 20868937?
3
What is the hundred thousands digit of 833365?
8
What is the hundreds digit of 1562768?
7
What is the tens digit of 5519?
1
What is the units digit of 131139?
9
What is the tens digit of 107316?
1
What is the millions digit of 1099865?
1
What is the thousands digit of 478996?
8
What is the tens digit of 107318?
1
What is the millions digit of 2649083?
2
What is the millions digit of 1935939?
1
What is the thousands digit of 3947315?
7
What is the millions digit of 2179802?
2
What is the tens digit of 4538?
3
What is the hundred thousands digit of 18354184?
3
What is the ten thousands digit of 693787?
9
What is the hundreds digit of 5221862?
8
What is the ten thousands digit of 325972?
2
What is the thousands digit of 358798?
8
What is the thousands digit of 611962?
1
What is the units digit of 296596?
6
What is the hundreds digit of 25616138?
1
What is the millions digit of 13087563?
3
What is the hundreds digit of 2003083?
0
What is the ten millions digit of 15682603?
1
What is the thousands digit of 773073?
3
What is the hundreds digit of 580165?
1
What is the units digit of 245613?
3
What is the thousands digit of 490670?
0
What is the hundreds digit of 52302?
3
What is the millions digit of 1807064?
1
What is the tens digit of 1321599?
9
What is the hundreds digit of 11932502?
5
What is the units digit of 641317?
7
What is the thousands digit of 5003535?
3
What is the units digit of 314148?
8
What is the thousands digit of 518043?
8
What is the hundred thousands digit of 536114?
5
What is the hundreds digit of 1673299?
2
What is the millions digit of 2366217?
2
What is the hundreds digit of 1525674?
6
What is the ten thousands digit of 67901?
6
What is the tens digit of 659451?
5
What is the thousands digit of 114952?
4
What is the hundred thousands digit of 325262?
3
What is the hundreds digit of 1037072?
0
What is the thousands digit of 27366421?
6
What is the ten thousands digit of 450723?
5
What is the ten millions digit of 16185267?
1
What is the ten thousands digit of 213765?
1
What is the tens digit of 15107527?
2
What is the tens digit of 1119238?
3
What is the hundred thousands digit of 730944?
7
What is the tens digit of 110058?
5
What is the ten thousands digit of 321387?
2
What is the ten thousands digit of 1190826?
9
What is the ten thousands digit of 30093?
3
What is the hundreds digit of 2257791?
7
What is the units digit of 4002709?
9
What is the thousands digit of 151273?
1
What is the units digit of 2433506?
6
What is the tens digit of 257309?
0
What is the millions digit of 4450734?
4
What is the hundred thousands digit of 1727035?
7
What is the units digit of 1090973?
3
What is the tens digit of 157030?
3
What is the ten millions digit of 1595